{"id":204,"date":"2022-09-05T10:27:10","date_gmt":"2022-09-05T08:27:10","guid":{"rendered":"http:\/\/www.robertolagrotteria.com\/?page_id=204"},"modified":"2022-09-05T10:27:10","modified_gmt":"2022-09-05T08:27:10","slug":"arthrose","status":"publish","type":"page","link":"http:\/\/www.robertolagrotteria.com\/index.php\/fr\/arthrose\/","title":{"rendered":"Arthrose"},"content":{"rendered":"\n<p>Le terme ARTHROSE form\u00e9 des mots d&#8217;origine grecque &#8220;arthro&#8221;, qui signifie articulation et &#8220;osi&#8221;, qui signifie d\u00e9g\u00e9n\u00e9rescence, d\u00e9signe une maladie d\u00e9g\u00e9n\u00e9rative des articulations.<\/p>\n\n\n\n<figure class=\"wp-block-image\"><img loading=\"lazy\" width=\"230\" height=\"219\" src=\"http:\/\/www.robertolagrotteria.com\/wp-content\/uploads\/artrosi.jpg\" alt=\"\" class=\"wp-image-90\"\/><\/figure>\n\n\n\n<p>Les articulations sont charg\u00e9es de relier ou &#8220;d&#8217;articuler&#8221; les os entre eux le Cartilage. Le premier permet un contr\u00f4le immunitaire contre les agents ext\u00e9rieurs et produit des substances n\u00e9cessaires \u00e0 la nutrition et au glissement des surfaces articulaires. Le cartilage qui recouvre et prot\u00e8ge les os articulaires sert avant tout \u00e0 supporter la charge exerc\u00e9e sur les articulations lors des mouvements.<\/p>\n\n\n\n<p>Les l\u00e9sions les plus importantes de l&#8217;arthrose se situent au niveau du cartilage, les cons\u00e9quences majeures de cette maladie sont donc en relation avec les principales fonctions de ce tissu.<\/p>\n\n\n\n<p>Les principaux sympt\u00f4mes de cette maladie sont m\u00e9caniques et li\u00e9s au mouvement. L&#8217;arthrose peut \u00eatre d\u00e9finie comme une maladie articulaire \u00e9volutive chronique caract\u00e9ris\u00e9e par des l\u00e9sions d\u00e9g\u00e9n\u00e9ratives et productives affectant le cartilage articulaire. La d\u00e9g\u00e9n\u00e9rescence articulaire arthritique a toujours une approche conservatrice avec une r\u00e9\u00e9ducation et un traitement anti-inflammatoire afin de se remettre du sympt\u00f4me et de la biom\u00e9canique du mouvement. Lorsque les d\u00e9g\u00e9n\u00e9rescences sont dans la phase initiale, nous avons des th\u00e9rapies disponibles qui peuvent r\u00e9cup\u00e9rer sur le sympt\u00f4me (th\u00e9rapie anti-inflammatoire, r\u00e9\u00e9ducation, infiltration avec des facteurs de croissance ACP, infiltration avec de l&#8217;acide hyaluronique).<\/p>\n","protected":false},"excerpt":{"rendered":"<p>Le terme ARTHROSE form\u00e9 des mots d&#8217;origine grecque &#8220;arthro&#8221;, qui signifie articulation et &#8220;osi&#8221;, qui signifie d\u00e9g\u00e9n\u00e9rescence, d\u00e9signe une maladie d\u00e9g\u00e9n\u00e9rative des articulations. Les articulations sont charg\u00e9es de relier ou &#8220;d&#8217;articuler&#8221; les os entre eux le Cartilage. Le premier permet un contr\u00f4le immunitaire contre les agents ext\u00e9rieurs et produit des substances n\u00e9cessaires \u00e0 la nutrition &hellip; <\/p>\n<p class=\"link-more\"><a href=\"http:\/\/www.robertolagrotteria.com\/index.php\/fr\/arthrose\/\" class=\"more-link\">Leggi tutto<span class=\"screen-reader-text\"> &#8220;Arthrose&#8221;<\/span><\/a><\/p>\n","protected":false},"author":1,"featured_media":0,"parent":0,"menu_order":0,"comment_status":"closed","ping_status":"closed","template":"","meta":[],"_links":{"self":[{"href":"http:\/\/www.robertolagrotteria.com\/index.php\/wp-json\/wp\/v2\/pages\/204"}],"collection":[{"href":"http:\/\/www.robertolagrotteria.com\/index.php\/wp-json\/wp\/v2\/pages"}],"about":[{"href":"http:\/\/www.robertolagrotteria.com\/index.php\/wp-json\/wp\/v2\/types\/page"}],"author":[{"embeddable":true,"href":"http:\/\/www.robertolagrotteria.com\/index.php\/wp-json\/wp\/v2\/users\/1"}],"replies":[{"embeddable":true,"href":"http:\/\/www.robertolagrotteria.com\/index.php\/wp-json\/wp\/v2\/comments?post=204"}],"version-history":[{"count":1,"href":"http:\/\/www.robertolagrotteria.com\/index.php\/wp-json\/wp\/v2\/pages\/204\/revisions"}],"predecessor-version":[{"id":205,"href":"http:\/\/www.robertolagrotteria.com\/index.php\/wp-json\/wp\/v2\/pages\/204\/revisions\/205"}],"wp:attachment":[{"href":"http:\/\/www.robertolagrotteria.com\/index.php\/wp-json\/wp\/v2\/media?parent=204"}],"curies":[{"name":"wp","href":"https:\/\/api.w.org\/{rel}","templated":true}]}}