{"id":210,"date":"2022-09-05T10:33:32","date_gmt":"2022-09-05T08:33:32","guid":{"rendered":"http:\/\/www.robertolagrotteria.com\/?page_id=210"},"modified":"2022-09-05T10:33:32","modified_gmt":"2022-09-05T08:33:32","slug":"prothese-de-genou","status":"publish","type":"page","link":"http:\/\/www.robertolagrotteria.com\/index.php\/fr\/prothese-de-genou\/","title":{"rendered":"Proth\u00e8se de genou"},"content":{"rendered":"\n<figure class=\"wp-block-image\"><img loading=\"lazy\" width=\"390\" height=\"440\" src=\"http:\/\/www.robertolagrotteria.com\/wp-content\/uploads\/ginocchio.png\" alt=\"\" class=\"wp-image-85\" srcset=\"http:\/\/www.robertolagrotteria.com\/wp-content\/uploads\/ginocchio.png 390w, http:\/\/www.robertolagrotteria.com\/wp-content\/uploads\/ginocchio-266x300.png 266w\" sizes=\"(max-width: 390px) 100vw, 390px\" \/><\/figure>\n\n\n\n<p>Au GENOU : En cas de d\u00e9g\u00e9n\u00e9rescence avanc\u00e9e, une intervention chirurgicale est n\u00e9cessaire qui, selon l&#8217;atteinte articulaire, peut \u00eatre UNIQUE-BI-TRICOMPARTIMENTALE. Des proth\u00e8ses sont plac\u00e9es pour recouvrir les surfaces articulaires d\u00e9sormais us\u00e9es.<\/p>\n\n\n\n<p>Avec la mise en place de la proth\u00e8se de genou, les patients peuvent retrouver une mobilit\u00e9 articulaire compl\u00e8te et un soulagement de la douleur. avec r\u00e9int\u00e9gration dans leurs activit\u00e9s quotidiennes. S\u00e9jour clinique de 6 jours \u00e0 compter du 2e jour post-op\u00e9ratoire pour r\u00e9\u00e9ducation fonctionnelle articulaire et reprise de la marche. r\u00e9cup\u00e9ration en 6-8 mois.<\/p>\n\n\n\n<figure class=\"wp-block-image\"><img loading=\"lazy\" width=\"512\" height=\"500\" src=\"http:\/\/www.robertolagrotteria.com\/wp-content\/uploads\/protesi-ginocchio.png\" alt=\"\" class=\"wp-image-127\" srcset=\"http:\/\/www.robertolagrotteria.com\/wp-content\/uploads\/protesi-ginocchio.png 512w, http:\/\/www.robertolagrotteria.com\/wp-content\/uploads\/protesi-ginocchio-300x293.png 300w\" sizes=\"(max-width: 512px) 100vw, 512px\" \/><\/figure>\n\n\n\n<figure class=\"wp-block-image\"><img loading=\"lazy\" width=\"451\" height=\"237\" src=\"http:\/\/www.robertolagrotteria.com\/wp-content\/uploads\/protesi-mono-2.png\" alt=\"\" class=\"wp-image-132\" srcset=\"http:\/\/www.robertolagrotteria.com\/wp-content\/uploads\/protesi-mono-2.png 451w, http:\/\/www.robertolagrotteria.com\/wp-content\/uploads\/protesi-mono-2-300x158.png 300w\" sizes=\"(max-width: 451px) 100vw, 451px\" \/><\/figure>\n","protected":false},"excerpt":{"rendered":"<p>Au GENOU : En cas de d\u00e9g\u00e9n\u00e9rescence avanc\u00e9e, une intervention chirurgicale est n\u00e9cessaire qui, selon l&#8217;atteinte articulaire, peut \u00eatre UNIQUE-BI-TRICOMPARTIMENTALE. Des proth\u00e8ses sont plac\u00e9es pour recouvrir les surfaces articulaires d\u00e9sormais us\u00e9es. Avec la mise en place de la proth\u00e8se de genou, les patients peuvent retrouver une mobilit\u00e9 articulaire compl\u00e8te et un soulagement de la douleur. &hellip; <\/p>\n<p class=\"link-more\"><a href=\"http:\/\/www.robertolagrotteria.com\/index.php\/fr\/prothese-de-genou\/\" class=\"more-link\">Leggi tutto<span class=\"screen-reader-text\"> &#8220;Proth\u00e8se de genou&#8221;<\/span><\/a><\/p>\n","protected":false},"author":1,"featured_media":0,"parent":0,"menu_order":0,"comment_status":"closed","ping_status":"closed","template":"","meta":[],"_links":{"self":[{"href":"http:\/\/www.robertolagrotteria.com\/index.php\/wp-json\/wp\/v2\/pages\/210"}],"collection":[{"href":"http:\/\/www.robertolagrotteria.com\/index.php\/wp-json\/wp\/v2\/pages"}],"about":[{"href":"http:\/\/www.robertolagrotteria.com\/index.php\/wp-json\/wp\/v2\/types\/page"}],"author":[{"embeddable":true,"href":"http:\/\/www.robertolagrotteria.com\/index.php\/wp-json\/wp\/v2\/users\/1"}],"replies":[{"embeddable":true,"href":"http:\/\/www.robertolagrotteria.com\/index.php\/wp-json\/wp\/v2\/comments?post=210"}],"version-history":[{"count":1,"href":"http:\/\/www.robertolagrotteria.com\/index.php\/wp-json\/wp\/v2\/pages\/210\/revisions"}],"predecessor-version":[{"id":211,"href":"http:\/\/www.robertolagrotteria.com\/index.php\/wp-json\/wp\/v2\/pages\/210\/revisions\/211"}],"wp:attachment":[{"href":"http:\/\/www.robertolagrotteria.com\/index.php\/wp-json\/wp\/v2\/media?parent=210"}],"curies":[{"name":"wp","href":"https:\/\/api.w.org\/{rel}","templated":true}]}}