{"id":245,"date":"2022-09-06T11:34:03","date_gmt":"2022-09-06T09:34:03","guid":{"rendered":"http:\/\/www.robertolagrotteria.com\/?page_id=245"},"modified":"2022-09-06T11:34:04","modified_gmt":"2022-09-06T09:34:04","slug":"kniearthroskopie-und-kreuzbandrekonstruktion","status":"publish","type":"page","link":"http:\/\/www.robertolagrotteria.com\/index.php\/de\/kniearthroskopie-und-kreuzbandrekonstruktion\/","title":{"rendered":"Kniearthroskopie und Kreuzbandrekonstruktion"},"content":{"rendered":"\n<figure class=\"wp-block-image\" id=\"block-ad4294bc-32cf-4c3e-802e-ee11cc75d1ba\"><img src=\"http:\/\/www.robertolagrotteria.com\/wp-content\/uploads\/artroscopia-ginocchio-1.jpg\" alt=\"Questa immagine ha l'attributo alt vuoto; il nome del file \u00e8 artroscopia-ginocchio-1.jpg\"\/><\/figure>\n\n\n\n<figure class=\"wp-block-image\" id=\"block-02b41a5a-0d01-4990-a725-fcb81e4e924d\"><img src=\"http:\/\/www.robertolagrotteria.com\/wp-content\/uploads\/ricostruzione-crociato-anteriore-o-posteriore.jpg\" alt=\"Questa immagine ha l'attributo alt vuoto; il nome del file \u00e8 ricostruzione-crociato-anteriore-o-posteriore.jpg\"\/><\/figure>\n\n\n\n<p>Operation erforderlich bei Meniskus-, intraartikul\u00e4ren Band- und Knorpelverletzungen. Die arthroskopische Chirurgie beinhaltet einen minimal-invasiven Zugang mit 2 kleinen Knieschnitten, die das Einf\u00fchren einer Kamera und intraartikul\u00e4res Sehen auf einem Bildschirm erm\u00f6glichen. Der andere Zugang erm\u00f6glicht die Verwendung spezieller Instrumente zur Durchf\u00fchrung der erforderlichen chirurgischen Eingriffe. Bei Meniskusl\u00e4sionen wird, wenn m\u00f6glich, eine Naht oder eventuell eine selektive Meniskektomie bereitgestellt, um die Anatomie des Meniskus wiederherzustellen und eine Wiederherstellung der korrekten Beweglichkeit zu erm\u00f6glichen. Es ist eine Operation, die in der Tagesklinik durchgef\u00fchrt wird und eine Genesung von 45 Tagen mit Rehabilitation vorsieht. Intraartikul\u00e4re Bandverletzungen werden durch einen chirurgischen Eingriff mit einem arthroskopischen Teil durchgef\u00fchrt, der die Vorbereitung der intratikul\u00e4ren Passage des Neo-Bandes und einem chirurgischen Teil zur Entfernung der Sehnen beinhaltet, die f\u00fcr das Neo-Band verwendet werden. Der Krankenhausaufenthalt ist auf 5 Tage angesetzt, in denen der Patient sofort mit der Genesung durch den Physiotherapeuten beginnt. Die vollst\u00e4ndige Genesung und R\u00fcckkehr zum Sport betr\u00e4gt 6-8 Monate. Knorpell\u00e4sionen, abh\u00e4ngig von der Art der L\u00e4sion, der Gr\u00f6\u00dfe und dem Bereich der L\u00e4sion, werden M\u00f6glichkeiten der Behandlung und Aufl\u00f6sung durch Transplantation, Mikroperforationen, Mosaikplastik untersucht. Es gibt viele M\u00f6glichkeiten, diese Verletzungen zu behandeln 3-4 Tage Krankenhausaufenthalt Eine R\u00fcckkehr zu sportlichen Aktivit\u00e4ten wird in 5 Monaten erwartet.<\/p>\n","protected":false},"excerpt":{"rendered":"<p>Operation erforderlich bei Meniskus-, intraartikul\u00e4ren Band- und Knorpelverletzungen. Die arthroskopische Chirurgie beinhaltet einen minimal-invasiven Zugang mit 2 kleinen Knieschnitten, die das Einf\u00fchren einer Kamera und intraartikul\u00e4res Sehen auf einem Bildschirm erm\u00f6glichen. Der andere Zugang erm\u00f6glicht die Verwendung spezieller Instrumente zur Durchf\u00fchrung der erforderlichen chirurgischen Eingriffe. Bei Meniskusl\u00e4sionen wird, wenn m\u00f6glich, eine Naht oder eventuell eine &hellip; <\/p>\n<p class=\"link-more\"><a href=\"http:\/\/www.robertolagrotteria.com\/index.php\/de\/kniearthroskopie-und-kreuzbandrekonstruktion\/\" class=\"more-link\">Leggi tutto<span class=\"screen-reader-text\"> &#8220;Kniearthroskopie und Kreuzbandrekonstruktion&#8221;<\/span><\/a><\/p>\n","protected":false},"author":1,"featured_media":0,"parent":0,"menu_order":0,"comment_status":"closed","ping_status":"closed","template":"","meta":[],"_links":{"self":[{"href":"http:\/\/www.robertolagrotteria.com\/index.php\/wp-json\/wp\/v2\/pages\/245"}],"collection":[{"href":"http:\/\/www.robertolagrotteria.com\/index.php\/wp-json\/wp\/v2\/pages"}],"about":[{"href":"http:\/\/www.robertolagrotteria.com\/index.php\/wp-json\/wp\/v2\/types\/page"}],"author":[{"embeddable":true,"href":"http:\/\/www.robertolagrotteria.com\/index.php\/wp-json\/wp\/v2\/users\/1"}],"replies":[{"embeddable":true,"href":"http:\/\/www.robertolagrotteria.com\/index.php\/wp-json\/wp\/v2\/comments?post=245"}],"version-history":[{"count":1,"href":"http:\/\/www.robertolagrotteria.com\/index.php\/wp-json\/wp\/v2\/pages\/245\/revisions"}],"predecessor-version":[{"id":246,"href":"http:\/\/www.robertolagrotteria.com\/index.php\/wp-json\/wp\/v2\/pages\/245\/revisions\/246"}],"wp:attachment":[{"href":"http:\/\/www.robertolagrotteria.com\/index.php\/wp-json\/wp\/v2\/media?parent=245"}],"curies":[{"name":"wp","href":"https:\/\/api.w.org\/{rel}","templated":true}]}}