{"id":248,"date":"2022-09-06T11:36:43","date_gmt":"2022-09-06T09:36:43","guid":{"rendered":"http:\/\/www.robertolagrotteria.com\/?page_id=248"},"modified":"2022-09-06T11:36:43","modified_gmt":"2022-09-06T09:36:43","slug":"gemeinsame-infiltrative-therapie","status":"publish","type":"page","link":"http:\/\/www.robertolagrotteria.com\/index.php\/de\/gemeinsame-infiltrative-therapie\/","title":{"rendered":"Gemeinsame infiltrative Therapie"},"content":{"rendered":"\n<figure class=\"wp-block-image\"><img loading=\"lazy\" width=\"900\" height=\"422\" src=\"http:\/\/www.robertolagrotteria.com\/wp-content\/uploads\/osteoartrite-infiltrazioni-intraarticolari.jpg\" alt=\"\" class=\"wp-image-99\" srcset=\"http:\/\/www.robertolagrotteria.com\/wp-content\/uploads\/osteoartrite-infiltrazioni-intraarticolari.jpg 900w, http:\/\/www.robertolagrotteria.com\/wp-content\/uploads\/osteoartrite-infiltrazioni-intraarticolari-300x141.jpg 300w, http:\/\/www.robertolagrotteria.com\/wp-content\/uploads\/osteoartrite-infiltrazioni-intraarticolari-768x360.jpg 768w\" sizes=\"(max-width: 706px) 89vw, (max-width: 767px) 82vw, 740px\" \/><\/figure>\n\n\n\n<p>Es gibt infiltrative Behandlungen, die je nach Gelenkproblem angepasst werden k\u00f6nnen.<\/p>\n\n\n\n<p>Infiltrationen werden mit PRP, A.Hyaluron durchgef\u00fchrt. Die Behandlungen werden nach vorheriger Organisation der Behandlung in der Praxis durchgef\u00fchrt.<\/p>\n","protected":false},"excerpt":{"rendered":"<p>Es gibt infiltrative Behandlungen, die je nach Gelenkproblem angepasst werden k\u00f6nnen. Infiltrationen werden mit PRP, A.Hyaluron durchgef\u00fchrt. Die Behandlungen werden nach vorheriger Organisation der Behandlung in der Praxis durchgef\u00fchrt.<\/p>\n","protected":false},"author":1,"featured_media":0,"parent":0,"menu_order":0,"comment_status":"closed","ping_status":"closed","template":"","meta":[],"_links":{"self":[{"href":"http:\/\/www.robertolagrotteria.com\/index.php\/wp-json\/wp\/v2\/pages\/248"}],"collection":[{"href":"http:\/\/www.robertolagrotteria.com\/index.php\/wp-json\/wp\/v2\/pages"}],"about":[{"href":"http:\/\/www.robertolagrotteria.com\/index.php\/wp-json\/wp\/v2\/types\/page"}],"author":[{"embeddable":true,"href":"http:\/\/www.robertolagrotteria.com\/index.php\/wp-json\/wp\/v2\/users\/1"}],"replies":[{"embeddable":true,"href":"http:\/\/www.robertolagrotteria.com\/index.php\/wp-json\/wp\/v2\/comments?post=248"}],"version-history":[{"count":1,"href":"http:\/\/www.robertolagrotteria.com\/index.php\/wp-json\/wp\/v2\/pages\/248\/revisions"}],"predecessor-version":[{"id":249,"href":"http:\/\/www.robertolagrotteria.com\/index.php\/wp-json\/wp\/v2\/pages\/248\/revisions\/249"}],"wp:attachment":[{"href":"http:\/\/www.robertolagrotteria.com\/index.php\/wp-json\/wp\/v2\/media?parent=248"}],"curies":[{"name":"wp","href":"https:\/\/api.w.org\/{rel}","templated":true}]}}